culate the greatest common divisor of f and 144.
48
Let s = 112 + -122. Let y(q) = q**2 + 11*q + 23. Let c be y(s). Let z = 300 - 157. Calculate the greatest common factor of c and z.
13
Let a(s) = -s**2 - s - 1. Let l(t) = 3*t**2 + t. Let d(u) = 2*a(u) + l(u). Let j be d(-2). Suppose -q = -j - 64. What is the greatest common factor of q and 17?
17
Suppose -2*r + 15 = r. Let w(u) = -2*u**2 + 9. Let q be w(-2). Suppose -4*c - 192 = -4*n, -r*c + q = -9. What is the greatest common divisor of 10 and n?
10
Suppose -72*z = -107*z + 48160. What is the highest common divisor of z and 43?
43
Let p be 0 - 4 - (-4 - -8). Let k be (12/p)/((-5)/10). Suppose -2*f = -3*s - 24, -k*s = 2*s + 20. Calculate the greatest common divisor of f and 54.
6
Let s = -22 + 106. Calculate the highest common divisor of 420 and s.
84
Suppose t - 5*t = 24. Let c(q) = -2*q - 2778 + q**3 + 6*q**2 + 2778. Let h be c(t). What is the greatest common factor of 30 and h?
6
Suppose 3*x - 924 = -4*x. Let g = -18 + 30. What is the highest common divisor of g and x?
12
Let n(q) = -634*q + 71. Let l be n(-4). Calculate the highest common factor of l and 33.
33
Let p be (-21)/(-42) - 209/(-2). What is the highest common factor of 84 and p?
21
Suppose 0*w - 5*w = -2*q + 108, -2*q + 88 = 5*w. Suppose -2*y + 2*x + 28 = 0, -x + 2*x = -2. Let z = y + -5. What is the greatest common factor of q and z?
7
Let d(z) = 4*z**2 - z - 12. Let p = 20 - 14. Let j be d(p). Calculate the highest common factor of 14 and j.
14
Let n(u) = u**3 - 14*u**2 + 16*u - 11. Let m be 2 + 2 - (2 + -11). Let a be n(m). Calculate the greatest common divisor of 252 and a.
28
Suppose 0 = 9*i - 7*i - 130. Let v be 4/5 - (-858)/i. What is the greatest common divisor of 126 and v?
14
Let h = -8 + 9. Let t be (h/(-2))/((-3)/42). Suppose -2*i + t*i = 130. Calculate the greatest common factor of 65 and i.
13
Let n(d) = 19*d**2 + 2*d - 7. Let a be n(-6). Let s = a + -465. Let p be (1 + 2/3)*12. What is the highest common divisor of p and s?
20
Let j = 43 + -67. Let x be 18/(15/j + 1). What is the highest common divisor of 48 and x?
48
Let y be (24*6/27)/((-104)/(-2340)). Let g be (-2)/(2 + 39/(-18)). What is the highest common factor of y and g?
12
Let j = -1 + 1. Suppose -2*r - 3*r + 70 = j. Suppose 3*w = 244 + 134. What is the highest common factor of w and r?
14
Let g be -3 - (2 + (-6 - (1 - -2))). Suppose -3*j + 349 = 5*f, -112 - 169 = -g*f - 3*j. What is the highest common divisor of 102 and f?
34
Let p(v) = 2*v + 14. Let n be p(-5). Let y be n/((-1)/8 + (-4)/(-16)). Calculate the highest common factor of y and 288.
32
Suppose -494 + 1138 = 4*z. Calculate the greatest common factor of 23 and z.
23
Suppose -3*c = -d - 3*d + 76, 0 = -4*d + 2*c + 80. Let l = d + -18. Let p = -22 - -38. Calculate the greatest common factor of l and p.
4
Let w(t) = t**2 + t - 2. Let q be w(0). Let b be (-25)/5 - (q + -1). Let m be b/(14/(-4) + 3). What is the greatest common divisor of m and 8?
4
Suppose j + 18 = 3*l, -2*l + 16 = 2*j - 4*j. Suppose 0 = -2*y + 2 + 8. What is the greatest common factor of y and l?
5
Let q(y) = 11*y**2 + 9*y - 36. Let p be q(-7). What is the highest common divisor of p and 16?
8
Suppose 2*p + p = 0. Let g = 4 - p. Suppose -11 = -4*c + 5*y, -g*c + 4*y = -0 - 12. Calculate the greatest common factor of c and 8.
4
Suppose -4*v = -8, -4*b - 3*v = -0*v - 74. Let s be 17/((-3)/(-3 + -12)). Calculate the highest common divisor of s and b.
17
Let x = 70 - 62. Let t be (-6)/4 + 1703/26. Calculate the greatest common divisor of x and t.
8
Suppose 5*d + 10 = -4*r + 7, -5*d - 5 = 5*r. Suppose 0*t - 20 = 2*t. Let g be (21/(-42))/(d/t). Calculate the highest common factor of 55 and g.
5
Let l(m) = -m + 33. Let g be l(24). Calculate the greatest common divisor of 81 and g.
9
Suppose s - 2*s - 2 = 0. Let v be 40 - (s + 0/(-4)). Let f be v/4*(-4)/(-6). What is the highest common divisor of 21 and f?
7
Suppose -i + 8 = -3*i. Let n = i + 8. Suppose 3*x = -2*w + 156, -3*w = n*x - w - 206. Calculate the highest common divisor of x and 25.
25
Let u(d) = -12*d**3 + d**2 + 12*d. Let b be u(-3). Calculate the greatest common factor of b and 88.
11
Suppose -2*q = -45*o + 46*o - 113, 5*o + 2*q - 573 = 0. Calculate the highest common divisor of o and 368.
23
Let l = -205 - -223. Calculate the highest common factor of 63 and l.
9
Suppose -5*s + 2*m = -1175, 7*s - 2*s - 1175 = -m. Let a = 51 + s. What is the greatest common divisor of a and 26?
26
Suppose -740 = -5206*b + 5196*b. What is the highest common factor of b and 1591?
37
Let b = -12 + 6. Suppose 6*j + 8 = 2*j. Let l be (24 - 3)/(j/b). Calculate the highest common factor of 7 and l.
7
Let v be ((-51)/6 - -5)*(-80)/14. Let q be (72/40)/(3/v). What is the greatest common divisor of q and 54?
6
Let h(u) = 10*u**2 + 4*u + 2. Let q be h(-2). Let k = -17 + q. What is the greatest common divisor of 187 and k?
17
Let o = -56 + 58. Suppose -93 = -5*k + x, o*x - 76 = -4*k - 10. What is the highest common factor of 18 and k?
18
Suppose -15 = -5*l + 2*l. Suppose -t = 2*w - 6*w + 1, 3*t - 4*w = l. Calculate the greatest common divisor of t and 6.
3
Suppose -8*v + 40*v - 640 = 0. What is the greatest common factor of 185 and v?
5
Let n(h) = 6 - h**3 + 0*h**3 - 4*h**2 + 3*h - 2*h. Suppose 4*l = -88 + 64. Let b be n(l). Calculate the greatest common factor of b and 18.
18
Let o(y) = y**2 + 6*y + 12. Let l be o(-6). Suppose 6*p - 3*p = l. Suppose p*z - 214 = 26. What is the highest common divisor of 40 and z?
20
Let u(i) = -i**2 - 11*i - 10. Let p be u(-7). Let b = p + -13. Calculate the greatest common factor of 45 and b.
5
Let s(y) = -2*y - 1 - 5*y - y**2 + 0*y. Let x be s(-3). Suppose 4*d - 8 + 24 = 0, 0 = -3*k + 5*d + 23. What is the highest common factor of x and k?
1
Let h(x) = 11*x**3 - x**2 - 2*x + 2. Let a be h(1). Let z(l) = 27*l + 0*l - 2 - 9 - 7. Let n be z(4). Calculate the highest common divisor of n and a.
10
Suppose 2*i - 154 = -4*o, 7 = 3*i + 16. What is the highest common divisor of o and 640?
40
Let w(c) = -19*c**3 + 3*c + 7. Let n be w(-2). Calculate the highest common factor of 9 and n.
9
Let b be (-5 + 2)*6/(-9). Suppose s - d - 3 + 0 = 0, -5*s - b*d = 6. Suppose s = -4*i + i + 60. Calculate the highest common divisor of i and 10.
10
Let z(j) = -64*j - 1. Let n be z(-1). Suppose 0 = 2*p - 2, -5*p + n - 4 = 3*h. Suppose -161 = -5*m - 26. What is the highest common divisor of h and m?
9
Suppose 4*w - 3*w = 30. Let o = w - 24. What is the highest common divisor of o and 2?
2
Suppose 469 = 5*u + 69. Calculate the greatest common divisor of u and 200.
40
Suppose 0 = 5*v - 30 - 0. What is the highest common divisor of 26 and v?
2
Let s = 36 - 11. Let o be (45/25 + -1)*s/2. Let v be (-1)/(-1) - 3 - -82. Calculate the greatest common divisor of o and v.
10
Let n = 43 - 41. Suppose 3*m + n*m - i = 42, -i - 18 = -2*m. Calculate the greatest common factor of 8 and m.
8
Let t(s) = -s**2 - 10*s + 9. Let o be t(-9). Let b = -17 + o. Calculate the highest common divisor of 2 and b.
1
Let w be 22 + ((-2)/(-4))/((-1)/6). Suppose 41 = z - w. Suppose -6*g + 7*g = c - 12, -5*c + 87 = 4*g. What is the highest common factor of z and c?
15
Let t = -8 + 12. Let u(v) = -v**2 - 57*v + 12. Let w be u(0). Calculate the highest common divisor of t and w.
4
Suppose -3*n = -4*y + 31 - 4, -2*n = 10. Suppose c = 3*p - 116, -3*p - y*c + 64 = -68. What is the highest common factor of p and 8?
8
Let x(z) = 11*z**2 - 3*z + 4. Let g be x(5). Let v = -54 + g. Let j(o) = -o**2 + 13*o - 6. Let b be j(9). What is the greatest common divisor of v and b?
30
Let o(j) = j**3 - 7*j**2 + j + 2. Let l(q) = q**2 - q + 1. Let k be l(3). Let h be o(k). Suppose g = -2*g + 27. What is the greatest common divisor of g and h?
9
Let l = 7 - -13. Let t = l + -4. What is the highest common factor of 32 and t?
16
Suppose -67 = -3*x + 32. Suppose -2*h + 64 = -v, -85*v + 81*v = -8. Calculate the greatest common factor of h and x.
33
Let i be (-8)/2 - (2 - -1). Let f = -11 - i. Let s be ((-1)/f)/(10/80). What is the greatest common factor of s and 14?
2
Let h(b) = b**3 + 5*b**2 - 7*b - 3. Let d be h(-6). Suppose -5*u + d = g - 7, -5*u = 10. Calculate the greatest common factor of g and 10.
10
Let n = -1 + -4. Let p(f) = f**3 + 10*f**2 + 